se 2*h = 4*r - w, -4*r + 52 = r - 2*h. List the prime factors of r - 13 - (-6 + -1).
2
Let b = -2356 + 3579. What are the prime factors of b?
1223
Let o(c) = c**3 + 10*c**2 + 2*c. Let r be o(-8). Let a = r + 43. Suppose -61 - a = -4*f. List the prime factors of f.
2, 3
Let l(z) = -z**3 + 19*z**2 + z + 108. List the prime factors of l(16).
2, 223
Let r = -75 + 82. Let x(d) = -2*d**3 + 18*d**2 - 5*d - 8. List the prime factors of x(r).
3, 17
Let g = 103 + -154. List the prime factors of g/2*30/(-15).
3, 17
Let o be (2 - (0 - -7))/(-1). Suppose 0 = o*d - 75 - 160. Suppose 4*n - d = 77. List the prime factors of n.
31
Suppose 4*r + 1172 = -2*d - 2*d, 5*r + 2*d = -1450. Let j = 407 + r. List the prime factors of (j - 5)*(-4)/(-6).
2, 19
Let b(o) = -o**3 - 5*o**2 - 4*o + 4. Let u be b(-6). Let m = u + -24. What are the prime factors of m?
2, 5
Let w(h) = 3*h**2 + 78*h + 88. What are the prime factors of w(-36)?
2, 73
Let k(t) = -t + 19. Let u be k(14). Let y be (-1)/5 - (-231)/u. Let c = -13 + y. List the prime factors of c.
3, 11
Let p be (-68)/(-1) + (-9 - -5). List the prime factors of p/12 + (-5)/15.
5
Suppose -17*z = -23*z + 1242. What are the prime factors of z?
3, 23
Let p(i) = 46*i - 194. List the prime factors of p(18).
2, 317
Let v(o) = 54*o**3 + 2*o**2 + 2*o - 9. List the prime factors of v(2).
3, 5, 29
Suppose -z - 18 + 26 = 0. List the prime factors of (281 + 1)*4/z.
3, 47
Let x(g) = -g + 13. Let i be x(5). Let q(a) = -22*a - 1 + 3*a**3 - i*a**2 + 17*a - 4*a**3. List the prime factors of q(-8).
3, 13
Suppose -3*x + 423 = 30. List the prime factors of x.
131
Let y(i) = 17*i**2 + 11*i + 175. What are the prime factors of y(-17)?
13, 29
Let m be -3*3/18*8. List the prime factors of 2/(m/(-142)) - 2.
3, 23
What are the prime factors of ((-15)/(-10))/(6/9640)?
2, 5, 241
Let o be (-2)/(-7) + (-929)/(-7). Suppose 4*a + a = 2*i - o, -2*i - 3*a = -125. What are the prime factors of i?
2
Let q = 5059 - 1696. List the prime factors of q.
3, 19, 59
Let v = 440 - 133. List the prime factors of v.
307
Suppose 0 = 21*c - 19*c + 222. Let t = c - -170. What are the prime factors of t?
59
Let b(k) = -2*k + 3. Let s be b(0). Suppose z + g - 31 = 0, z = -z - s*g + 59. What are the prime factors of z?
2, 17
Let z(t) = -115*t + 8. Let p be (3 - (-1 - -4)) + -4. Let x be z(p). List the prime factors of (x/(-2))/(-3) + 0.
2, 3, 13
Let a = 2263 + -1523. What are the prime factors of a?
2, 5, 37
Let l(p) = -59*p + 2. Let g = -3 - -2. List the prime factors of l(g).
61
Suppose 0 = 140*j - 130*j - 15380. What are the prime factors of j?
2, 769
Let n(i) = 4*i**2 - 3*i + 73. List the prime factors of n(9).
2, 5, 37
Suppose 0 = -5*j - 4*n + 12958 - 5269, 0 = -4*j - 5*n + 6153. List the prime factors of j.
29, 53
Let z(o) = 3*o**2 + 32*o + 29. What are the prime factors of z(-14)?
13
Suppose -44*w + 2794 = -78166. What are the prime factors of w?
2, 5, 23
Suppose 2*t = -3*x + 12, -2*t + 3*x - 16 = -x. Suppose t*z = -z - 2*p - 17, 0 = 5*p + 20. What are the prime factors of ((-12)/(-10))/(z/(-30))?
2
Let g be (-3 + 3)/(-1) + 3. Let u(z) = 126*z - 2. Let c be u(g). List the prime factors of 4/7 + c/28.
2, 7
Let q = -16 + 18. Suppose -q*n - 66 = 4*n. Let p = 1 - n. What are the prime factors of p?
2, 3
What are the prime factors of 5/3 - 48556/(-12)?
2, 11, 23
Suppose -w + 107 + 175 = 0. What are the prime factors of w?
2, 3, 47
Let p = 6 - -2. Suppose p*j - 48 = 5*j. Suppose 16*a - j = 12*a. What are the prime factors of a?
2
Let t be 77 + -3 + 0/(-2). Let j be 3/4 - t/(-8). List the prime factors of (84/j)/(6/20).
2, 7
Let f(x) = -4*x + 20. Let d be f(8). Let z(c) = c**3 - 2*c - 1. Let g be z(-2). Let l = g - d. List the prime factors of l.
7
What are the prime factors of (-7)/((-14)/2090)*1/1?
5, 11, 19
Suppose -1 - 17 = -9*b. Suppose r = b*w + 320 + 18, -w + 671 = 2*r. List the prime factors of r.
2, 3, 7
Let x = -1884 - -3317. List the prime factors of x.
1433
Let y be 107 + 0 + (-1 - (-6)/2). Let o = y - 36. List the prime factors of o.
73
Let x(y) = y**2 + 23*y - 47. What are the prime factors of x(13)?
421
Let g(d) = d**3 - 4*d**2 - 3*d + 1. Let a be (15/12)/((-4)/(-16)). Let f = a - 0. List the prime factors of g(f).
11
Let q(a) = -83*a - 13*a**2 - 5*a**2 + a**3 + 104*a + 20. List the prime factors of q(17).
2, 11
Suppose 0 = -3*l - 4*l + 2576. List the prime factors of l.
2, 23
Let z(c) = -243*c + 47. Let q be z(-6). Suppose q = 3*j + 2*j. List the prime factors of j.
7, 43
Suppose 5*p + 4*f - 116 = 3*p, 5*f + 218 = 3*p. Let y = p + -11. What are the prime factors of y?
5, 11
List the prime factors of (-1860820)/(-425) + 2/(-5).
2, 11, 199
Let u(c) = -c**3 - 4*c**2 + 6*c + 4. Let k be u(-4). Let j(g) = g**3 - 9*g**2 + 4*g - 3. Let o be j(8). Let y = k - o. What are the prime factors of y?
3, 5
Let n(l) = 1103*l**2 + 5*l - 6. What are the prime factors of n(1)?
2, 19, 29
Let o = -3 - 25. Let k = o - -64. List the prime factors of 25/15*k/10.
2, 3
Let h be (-2 + -1)/(1/(-14)). Suppose y - h = 125. Suppose 5*w - y = 73. What are the prime factors of w?
2, 3
Suppose 0*q - 4*b = 5*q - 26, -5*q + 5*b - 10 = 0. Suppose p = -g + 162, q = p - 2*p. What are the prime factors of g?
2, 41
Let s be 7 - (-5 + 4 + 0). Suppose -294 = -11*x + s*x. What are the prime factors of x?
2, 7
Let a(i) = -4*i**2 + i - 4. Let d be a(4). Let g = -112 - d. Let b = g + 91. What are the prime factors of b?
43
Suppose -33*v - 3470 = -43*v. List the prime factors of v.
347
Suppose 2*r = -0*r - 3*r. Let t(p) = p**3 + p + 19. What are the prime factors of t(r)?
19
List the prime factors of (-4)/(-6) + (395910/(-27))/(-10).
3, 163
Let z(k) = k**2 - 13*k + 18. Let d be z(12). Let v be 2/(-4) - (-33)/d. Suppose 52 + 38 = v*n. What are the prime factors of n?
2, 3
Let r(b) be the second derivative of b**3/6 + 2*b**2 - 5*b. Let m be r(0). Suppose -5*f - m*h + 20 = 0, 5*f - 2*h - 20 = h. What are the prime factors of f?
2
Let i = -25 - -27. Suppose -100 = -2*g - 3*a, 2*a - 200 = -4*g - i*a. List the prime factors of g.
2, 5
Let a be -6*(351/(-6))/(-9). Let q = 69 + a. List the prime factors of q.
2, 3, 5
Let d(w) = 6*w + 33. Let a be d(-9). Let u = -73 + 37. Let q = a - u. What are the prime factors of q?
3, 5
Suppose -7*a + 4435 + 1214 = 0. List the prime factors of a.
3, 269
Suppose -12954 = -18*r + r. What are the prime factors of r?
2, 3, 127
Let m(y) be the first derivative of -15*y**2/2 - 14*y - 3. What are the prime factors of m(-6)?
2, 19
Let o(u) = 6*u**2 - 2*u. Suppose -9 = 3*m + 6, m = x - 7. Let i be o(x). Let v = i + -10. List the prime factors of v.
2, 5
Let k(s) = s**2 + s + 65. Let r be k(0). Let w = 102 - r. List the prime factors of w.
37
Let i be (-2 + 1)*9/(-3). Suppose i = 2*u - u. Suppose -4*l + 110 = u*b, l + 4*b - 8 = 26. What are the prime factors of l?
2, 13
Let c(l) = -2*l**3 + 3*l**2 + 4*l + 4. Let d be c(-2). Let i = d + 52. What are the prime factors of i?
2, 19
Let r(u) = u**2 - 2. Suppose 0 = -7*a + 5*a + 22. Suppose 0 = -a*z + 15*z + 8. What are the prime factors of r(z)?
2
Let y(p) = p**3 - 6*p**2 - 6*p - 7. Let o be y(7). Suppose o = -2*q + 4. List the prime factors of q.
2
Let l(n) = -n**3 - 3*n**2 + 8*n + 4. Let i be l(-7). Let d = 159 + i. List the prime factors of d.
3, 101
Let l(b) = 25*b**2 - 28*b + 224. What are the prime factors of l(9)?
1997
Let r be (-68)/(-20) - 9/(-15). Suppose 5*i = -r*a + 369, 0 = 5*a - i - 497 + 14. Suppose a = 2*b - 2*y, 198 = 2*b + 2*b - y. List the prime factors of b.
2, 5
Let l be 2*-1*((-665)/10 - 2). Let q = 50 + l. What are the prime factors of q?
11, 17
Suppose 4*j - 3*j - 3*z = 956, 0 = -5*j + 2*z + 4767. What are the prime factors of j?
953
Let m(n) = -79*n**3 + 7*n**2 + 4*n - 15. List the prime factors of m(-3).
3, 241
Suppose 3*i + 0*g - 1924 = g, -3*g + 3188 = 5*i. List the prime factors of i.
2, 5
Suppose 3*r = 3*o + 27, -2*o - 7 = r - 1. Suppose 5*v = 3*h + 350, 0*h = 5*v - r*h - 350. List the prime factors of v.
2, 5, 7
Let f(b) be the first derivative of 73*b**4 - b**2 + 2*b + 51. What are the prime factors of f(1)?
2, 73
Suppose -4*r + 2*g + 1 = -3*r, 2*g - 2 = 0. Suppose 2 = -n, -r*a - 3*n = -61 - 212. What are the prime factors of a?
3, 31
Suppose 0 = -2*u + 3*r - 8*r + 1146, 4*r - 8 = 0. What are the prime fac